1
Let d(u) = 11*u**2 + 4*u - 4. Let v be d(2). Calculate the greatest common divisor of 6 and v.
6
Let y(n) = 2*n**3 - 4*n**2 - 2*n + 3. Let x be y(3). Suppose 5*m = x, -b - b + m + 3 = 0. Let u = b + -2. Calculate the highest common factor of u and 7.
1
Suppose -12 = 3*d - 6*d. Suppose o + 0*o = -2*c, c + d = 0. What is the highest common divisor of o and 12?
4
Let r be 228/2 - (-2)/(-1). Suppose n = -4*n - 4*u + 188, 0 = -3*n - 2*u + r. What is the greatest common divisor of 9 and n?
9
Suppose 0 = 2*a + 3*x - 15 - 4, 3*a - 2*x = -4. Suppose 0 = a*b - 10, -5*b = k - 6*k + 425. Suppose -5 + 23 = o. What is the highest common factor of k and o?
18
Let b = 98 - -79. What is the greatest common factor of b and 59?
59
Suppose -5*b + 5*g + 31 + 9 = 0, 0 = -g - 5. Suppose 0 = -5*m - 10, -4*m = -3*v - 0*m + 11. Let q = v + 14. What is the highest common factor of q and b?
3
Suppose i - 8 = -3*n, -i - i = -4*n - 26. Let z(s) = -2 - 1 - s**2 + i + s. Let b be z(0). Calculate the greatest common factor of b and 2.
2
Let f(y) = y**3 - 3*y**2 - 4*y + 5. Let d be f(4). Let z be 1/(-4) + (-9)/(-4). Suppose -z*j - 19 + 59 = 0. Calculate the highest common divisor of j and d.
5
Let k be 8/(-4) + 114 + 4. What is the highest common divisor of k and 29?
29
Let f = 120 - 74. Calculate the highest common factor of 115 and f.
23
Let d(u) = 6*u**2 - 3*u. Let x be d(2). Let z = 44 - x. Calculate the greatest common factor of z and 39.
13
Let l = 17 + -8. Let w(z) = -z + 13. Let a be w(l). Suppose -252 = -a*g - 84. Calculate the highest common factor of 6 and g.
6
Let w = 1 + 4. Let f(k) = 2*k**3 + w*k**2 + 2*k**3 - 8*k - 4*k**3 + k**3 + 3. Let r be f(-6). What is the highest common factor of r and 45?
15
Suppose -5*c = -2*c - 159. Suppose 5*v - c = 52. Calculate the greatest common factor of v and 3.
3
Suppose 0 = -2*u + 3*u - 5. Suppose 74 = u*q - 61. Let o(r) = r**3 + 2*r**2 - 4*r. Let x be o(-3). Calculate the greatest common factor of x and q.
3
Let k(y) = y**3 - 11*y**2 + 12*y - 10. Let u be k(10). What is the highest common factor of 110 and u?
10
Let l be (7 - 3) + (0 - 3) - -3. What is the greatest common factor of l and 96?
4
Let l = -5 - -10. Suppose -19 = -3*i + 11. What is the greatest common divisor of i and l?
5
Let n = -2 + 2. Suppose -4*f + 2*y + 12 = n, y + 2*y = -f + 3. Suppose 3*z - q - 40 = 0, f*z - q = 8*z - 80. Calculate the highest common divisor of z and 5.
5
Suppose -2*j = 2*j + 376. Let i = -62 - j. Let d(k) = k**2 - 2*k. Let s be d(-6). What is the highest common factor of s and i?
16
Let z(x) be the first derivative of -x**3/3 - 5*x**2 - 6*x + 3. Let v be z(-8). Calculate the highest common divisor of v and 20.
10
Let a be (-2 - -5)*(-12)/(-1). Let r be (-2 + 1)*(-13 + 1). What is the highest common factor of a and r?
12
Let t be 16/(-5)*(-10)/4. What is the greatest common divisor of 56 and t?
8
Let u be 38/(3/(-6 - -3)). Let c = u + 136. Calculate the greatest common factor of 14 and c.
14
Suppose 0 = 3*i - 7 - 11. Let c(p) = p**2 + p - 14. Let w be c(0). Let n = -8 - w. Calculate the highest common divisor of i and n.
6
Let t(m) = -m**3 + 6*m**2 + 3*m - 5. Let v be t(-5). Suppose j + 2*j = v. Suppose 0 = -4*g + 3*g + 34. Calculate the greatest common divisor of j and g.
17
Let r be (-8)/56 + 16/14. Let t be r + -5 + 2 + 7. What is the greatest common divisor of t and 2?
1
Suppose 4*u = 2*u + 198. Let y = 5 + -10. Let o be 10/y + (12 - 1). What is the greatest common factor of o and u?
9
Suppose 5*y - 72 = -4*n + n, -3*y = n - 44. Suppose q = -4*q + y. Calculate the highest common factor of q and 3.
3
Let r(t) = 3*t - 6. Let j be r(7). Let w be 2/(-3) + 85/j. Let g be (-2)/w - (-522)/30. What is the greatest common divisor of 85 and g?
17
Suppose x = 3*n + 28, x - n - 29 = -5. What is the greatest common factor of x and 110?
22
Let o = -77 - -105. What is the greatest common divisor of 35 and o?
7
Let h(w) = 23*w. Let z be h(8). Let j = z - 127. What is the greatest common divisor of 19 and j?
19
Let d(o) = o**3 - 6*o**2 + 3*o - 8. Let x be d(6). Suppose -304 = 23*b - 994. Calculate the greatest common divisor of b and x.
10
Suppose 16 = 4*r - 0*r. Suppose 0 = r*q - 10 - 30. What is the highest common factor of q and 10?
10
Let c(l) = -2*l + 36. Let t be c(0). What is the highest common factor of 24 and t?
12
Suppose 2*h + 2*t + 70 = 0, 3*h + 68 = 3*t - 55. Let r = h + 86. What is the greatest common factor of r and 32?
16
Let z(g) = -2*g + 3*g + g + g**3 - 6 - 6*g**2 - g**2. Let p be z(7). Calculate the greatest common divisor of p and 64.
8
Suppose -9*d + 7*d = -72. What is the greatest common factor of d and 24?
12
Let k(d) = d**3 + 8*d**2 - 2*d + 6. Let x be k(-8). Calculate the highest common divisor of x and 55.
11
Let w be (17/3)/((-1)/(-6)). Let m be (34/4)/((-1)/(-2)). Calculate the greatest common divisor of m and w.
17
Suppose -102 = -5*d - 27. Calculate the highest common factor of d and 135.
15
Suppose 3*d + 2*x + 1 - 24 = 0, -x = -4*d + 38. Let b be d/(-3) - (-2 + -177). What is the greatest common divisor of 16 and b?
16
Suppose a = -2*a - 219. Let u = a + 133. Calculate the highest common divisor of u and 12.
12
Suppose -k - 2 = -6. Calculate the greatest common divisor of k and 32.
4
Let l = -4 - -3. Let f(d) = -143*d. Let i be f(l). What is the highest common factor of i and 13?
13
Let t(s) = s**2 + 15*s + 2. Let w be t(-15). Calculate the greatest common factor of w and 4.
2
Suppose 0 = 5*k - 71 + 21. Let q = -207 + 317. Calculate the greatest common factor of k and q.
10
Suppose -c + 29 = 7*x - 3*x, 3*x = c - 1. What is the highest common factor of 195 and c?
13
Suppose -f + 4*h + 2 = 0, -2*f = 2*h - 44 - 10. Calculate the highest common factor of 33 and f.
11
Let r be ((-9)/(-6))/((-3)/(-4)). Suppose -5*d + 10 = 5*v, d - r*v - 10 - 1 = 0. What is the highest common divisor of d and 10?
5
Let w(n) = -n**2 + 6*n + 4. Let i be w(7). Let p be (i - 1)/((-2)/3). Suppose -24 = -g - g. Calculate the greatest common factor of g and p.
6
Let j = -14 - -10. Let f(y) = y + 7. Let a be f(j). Suppose i = 1 + a. Calculate the greatest common factor of i and 20.
4
Let r = 14 - 10. Suppose f = -r*f + 5. What is the highest common factor of f and 4?
1
Let o = 2 - 0. Suppose -3*w = -l - 34, 18 = -w + o*w + 3*l. What is the greatest common factor of w and 4?
4
Let a be (-12)/9*(-3)/(-2) + 32. What is the greatest common divisor of 6 and a?
6
Let f = 45 - -32. Calculate the greatest common factor of f and 11.
11
Let i be (48/(-4))/(-4) - -167. Calculate the greatest common factor of 10 and i.
10
Let v = -24 - -64. Suppose 0 = -4*o + 2*o + 10. Calculate the greatest common factor of o and v.
5
Let o = 18 + -14. Suppose -5*g + 66 = 4*r, -2*g + 0*r + o*r + 32 = 0. Calculate the greatest common factor of g and 56.
14
Suppose 0 = -f + 3*f. Suppose w - 4*l - 34 = l, w + 2*l - 6 = f. Calculate the highest common divisor of w and 14.
14
Let l = 129 + -93. What is the highest common factor of l and 48?
12
Let x = 11 + -7. Let s be (-1334)/(-14) - x/14. What is the greatest common divisor of 19 and s?
19
Let q = -3 - -8. Suppose 2*o - 33 = q. What is the greatest common divisor of 95 and o?
19
Let y(k) = -k**3 + 3*k**2 + 9*k + 3. Let z be y(4). Let p = 30 - z. What is the greatest common factor of 56 and p?
7
Let f(c) be the first derivative of c**2 - 3 + 4*c**3 + c + 0*c**2 + 2. Let l be f(-2). What is the highest common divisor of 5 and l?
5
Suppose -v - 4 = -8. Calculate the highest common factor of v and 16.
4
Suppose 4*s + 7 = 55. Calculate the highest common factor of s and 2.
2
Suppose -244 - 16 = -5*b. Suppose 0 = -4*r - 53 - 75. Let v = r + b. Calculate the greatest common divisor of v and 5.
5
Let u(m) = -5*m - 4. Let t be u(-4). What is the greatest common divisor of 128 and t?
16
Suppose 3*h - 957 = -0*h. Let v(n) = -n**2 - 11*n - 1. Let w be v(-5). What is the greatest common factor of h and w?
29
Let c = -5 - -8. Suppose 0 = 3*y - 2*y - 9. What is the highest common factor of c and y?
3
Let n(s) = -s + 12. Let j be n(5). Calculate the greatest common divisor of j and 63.
7
Let v(x) = -1 - 6 + 1 - 3*x. Let j = 0 - 8. Let i be v(j). What is the greatest common divisor of i and 18?
18
Let a be 1/4 - (131/(-4) + 3). Let p(f) = 3*f 